iple of 60?
False
Does 95 divide 518?
False
Is 847 even?
False
Is 76 a factor of 22936?
False
Is 52 a factor of 866?
False
Is 555 a multiple of 26?
False
Is 5885 a multiple of 11?
True
Is 816 a multiple of 6?
True
Is 4 a factor of 104?
True
Does 2 divide 1996?
True
Is 1332 a multiple of 15?
False
Is 255 a factor of 60180?
True
Is 29 a factor of 368?
False
Does 315 divide 4133?
False
Is 5908 a multiple of 14?
True
Is 90 a factor of 13702?
False
Does 40 divide 320?
True
Is 8252 a multiple of 56?
False
Is 72 a factor of 812?
False
Is 1375 a multiple of 23?
False
Is 45 a factor of 765?
True
Does 300 divide 30000?
True
Is 7 a factor of 20340?
False
Is 46 a factor of 8501?
False
Is 65037 a multiple of 21?
True
Is 76 a factor of 24320?
True
Is 21 a factor of 1105?
False
Is 9 a factor of 83?
False
Is 16 a factor of 2912?
True
Is 1170 a multiple of 78?
True
Does 25 divide 2196?
False
Does 53 divide 3952?
False
Is 25 a multiple of 2?
False
Does 7 divide 630?
True
Is 472 a multiple of 6?
False
Is 98 a multiple of 10?
False
Is 77 a factor of 1977?
False
Is 2600 a multiple of 11?
False
Does 35 divide 455?
True
Is 14 a factor of 7350?
True
Does 11 divide 713?
False
Does 13 divide 22904?
False
Does 14 divide 5712?
True
Is 21 a factor of 420?
True
Is 2 a factor of 51?
False
Is 757 a multiple of 47?
False
Is 230 a multiple of 5?
True
Does 16 divide 44?
False
Is 4768 a multiple of 149?
True
Is 9 a factor of 2817?
True
Is 13 a factor of 1183?
True
Does 3 divide 220?
False
Is 9 a factor of 2708?
False
Is 20 a factor of 2410?
False
Is 69 a factor of 48093?
True
Does 83 divide 10536?
False
Does 221 divide 26741?
True
Is 8910 a multiple of 6?
True
Does 6 divide 1335?
False
Is 28197 a multiple of 13?
True
Is 6482 a multiple of 48?
False
Does 123 divide 53259?
True
Is 461 a multiple of 7?
False
Does 98 divide 392?
True
Does 23 divide 88?
False
Does 100 divide 16300?
True
Is 12604 a multiple of 10?
False
Is 3 a factor of 91?
False
Is 988 a multiple of 21?
False
Does 54 divide 7560?
True
Is 8 a factor of 753?
False
Is 2211 a multiple of 67?
True
Is 145 a factor of 116000?
True
Is 8 a factor of 2736?
True
Is 262 a factor of 46112?
True
Is 15 a factor of 1530?
True
Is 1976 a multiple of 26?
True
Is 205 a multiple of 61?
False
Is 38090 a multiple of 26?
True
Is 39 a factor of 1599?
True
Is 3744 a multiple of 36?
True
Is 31 a factor of 2697?
True
Is 20 a factor of 2593?
False
Is 20 a factor of 22680?
True
Does 55 divide 54175?
True
Does 70 divide 4328?
False
Is 8 a factor of 3615?
False
Is 114 a factor of 1254?
True
Is 26 a factor of 6594?
False
Is 10 a factor of 103?
False
Does 4 divide 88?
True
Is 41 a factor of 15088?
True
Does 16 divide 22304?
True
Does 5 divide 115?
True
Does 10 divide 168?
False
Is 76 a multiple of 6?
False
Does 99 divide 72567?
True
Is 108 a factor of 2547?
False
Is 10399 a multiple of 201?
False
Is 12 a factor of 7040?
False
Is 211 a multiple of 2?
False
Does 18 divide 2106?
True
Is 6323 a multiple of 14?
False
Is 702 a multiple of 5?
False
Does 32 divide 1760?
True
Does 17 divide 1899?
False
Does 19 divide 8056?
True
Is 20 a factor of 4300?
True
Is 1778 a multiple of 14?
True
Does 19 divide 47766?
True
Is 8886 a multiple of 8?
False
Is 25 a factor of 37350?
True
Is 2587 a multiple of 109?
False
Is 100 a factor of 2973?
False
Is 990 a multiple of 9?
True
Is 44835 a multiple of 61?
True
Does 27 divide 2727?
True
Is 15784 a multiple of 7?
False
Does 39 divide 1230?
False
Is 529 a multiple of 5?
False
Is 198 a multiple of 50?
False
Is 4930 a multiple of 29?
True
Does 13 divide 134?
False
Does 74 divide 23587?
False
Does 60 divide 6061?
False
Is 65 a factor of 330?
False
Is 9 a factor of 875?
False
Is 84 a factor of 28852?
False
Is 162 a factor of 19591?
False
Is 768 a multiple of 3?
True
Is 150 a factor of 64391?
False
Is 63 a factor of 7130?
False
Is 162 a multiple of 54?
True
Is 22 a factor of 620?
False
Is 26065 a multiple of 65?
True
Is 26 a factor of 1940?
False
Is 1725 a multiple of 15?
True
Is 64 a factor of 26393?
False
Is 848 a multiple of 2?
True
Is 5642 a multiple of 182?
True
Is 4 a factor of 2514?
False
Is 18825 a multiple of 22?
False
Is 14877 a multiple of 27?
True
Is 112632 a multiple of 361?
True
Is 40 a factor of 4560?
True
Is 49 a factor of 1764?
True
Is 2646 a multiple of 6?
True
Does 14 divide 1554?
True
Does 13 divide 16?
False
Is 46573 a multiple of 13?
False
Does 6 divide 9588?
True
Is 22 a factor of 1043?
False
Does 28 divide 784?
True
Does 20 divide 2080?
True
Does 93 divide 68448?
True
Is 17 a factor of 36125?
True
Is 17 a factor of 2648?
False
Is 8178 a multiple of 87?
True
Does 13 divide 21450?
True
Is 1668 a multiple of 47?
False
Does 3 divide 84?
True
Is 3 a factor of 630?
True
Is 411 a multiple of 2?
False
Does 93 divide 3259?
False
Does 76 divide 12425?
False
Is 7 a factor of 295?
False
Is 55 a factor of 3175?
False
Is 16 a factor of 3056?
True
Does 3 divide 4367?
False
Does 42 divide 3486?
True
Is 85 a factor of 24606?
False
Is 370 a multiple of 37?
True
Is 6663 a multiple of 17?
False
Does 122 divide 36473?
False
Is 108 a factor of 6457?
False
Does 18 divide 4045?
False
Does 8 divide 1280?
True
Is 45823 a multiple of 11?
False
Is 2371 a multiple of 13?
False
Is 710 a multiple of 6?
False
Does 46 divide 2448?
False
Does 13 divide 1755?
True
Is 1361 a multiple of 23?
False
Is 1560 a multiple of 12?
True
Is 221 a factor of 15714?
False
Does 33 divide 31779?
True
Does 7 divide 1190?
True
Is 148 a factor of 9472?
True
Is 308 a multiple of 7?
True
Does 6 divide 1686?
True
Is 21 a factor of 2640?
False
Is 14237 a multiple of 46?
False
Does 81 divide 47993?
False
Does 17 divide 204?
True
Is 289 a multiple of 11?
False
Is 40 a factor of 5983?
False
Is 17 a factor of 81732?
False
Does 69 divide 659?
False
Is 11264 a multiple of 3?
False
Is 40052 a multiple of 31?
True
Is 3 a factor of 7856?
False
Is 37 a factor of 8354?
False
Is 165 a multiple of 55?
True
Does 18 divide 2664?
True
Does 97 divide 2134?
True
Does 38 divide 2394?
True
Is 8383 a multiple of 9?
False
Is 5 a factor of 311?
False
Is 78 a multiple of 6?
True
Is 13380 a multiple of 6?
True
Does 11 divide 55?
True
Is 7434 a multiple of 177?
True
Is 680 a multiple of 39?
False
Does 12 divide 1476?
True
Is 11 a factor of 7652?
False
Is 5640 a multiple of 5?
True
Is 974 a multiple of 13?
False
Is 15974 a multiple of 14?
True
Is 13 a factor of 949?
True
Is 19 a factor of 3598?
False
Is 33 a factor of 495?
True
Is 7166 a multiple of 82?
False
Does 10 divide 433?
False
Is 19 a factor of 5659?
False
Does 25 divide 5473?
False
Is 1072 a multiple of 8?
True
Does 16 divide 16624?
True
Does 74 divide 2800?
False
Is 185 a factor of 31045?
False
Does 16 divide 106?
False
Is 2322 a multiple of 3?
True
Does 20 divide 197?
False
Is 39 a multiple of 3?
True
Is 154 a factor of 2310?
True
Is 194494 a multiple of 14?
False
Does 12 divide 14184?
True
Does 105 divide 9975?
True
Is 9 a factor of 6309?
True
Is 5406 a multiple of 159?
True
Does 7 divide 357?
True
Is 97 a factor of 7857?
True
Is 2358 a multiple of 18?
True
Is 32 a factor of 576?
True
Is 8 a factor of 2832?
True
Is 600 a multiple of 12?
True
Is 222 even?
True
Does 5 divide 380?
True
Does 2 divide 213?
False
Does 46 divide 5775?
False
Does 42 divide 4494?
True
Does 56 divide 124936?
True
Is 1053 a multiple of 27?
True
Does 24 divide 528?
True
Is 32 a factor of 469?
False
Does 24 divide 165?
False
Does 4 divide 108?
True
Is 10 a factor of 16052?
False
Does 37 divide 11225?
False
Is 104903 a multiple of 53?
False
Is 414 a multiple of 9?
True
Is 52606 a multiple of 15?
False
Does 134 divide 7772?
True
Does 5 divide 765?
True
Does 11 divide 319?
True
Is 77155 a multiple of 65?
True
Is 282 a multiple of 38?
False
Does 26 divide 7569?
False
Is 107 a factor of 10413?
False
Is 6 a factor of 251?
False
Is 525 a multiple of 15?
True
Is 36204 a multiple of 84?
True
Does 52 divide 604?
False
Is 11 a factor of 548?
False
Is 22 a factor of 80?
False
Does 13 divide 11758?
False
Does 3 divide 144?
True
Does 8 divide 18328?
True
Is 4761 a multiple of 9?
True
Is 14385 a multiple of 10?
False
Is 10 a factor of 1454?
False
Is 2837 a multiple of 5?
False
Does 4 divide 9194?
False
Does 19 divide 1691?
True
Is 5943 a multiple of 120?
False
Does 111 